{"id":24,"date":"2024-07-14T15:18:04","date_gmt":"2024-07-14T13:18:04","guid":{"rendered":"https:\/\/malerexpress.ch\/?page_id=24"},"modified":"2025-04-08T10:42:16","modified_gmt":"2025-04-08T08:42:16","slug":"startseite","status":"publish","type":"page","link":"https:\/\/malerexpress.ch\/","title":{"rendered":"Startseite"},"content":{"rendered":"\t\t<div data-elementor-type=\"wp-page\" data-elementor-id=\"24\" class=\"elementor elementor-24\">\n\t\t\t\t<div class=\"elementor-element elementor-element-4206272f e-flex e-con-boxed e-con e-parent\" data-id=\"4206272f\" data-element_type=\"container\" data-settings=\"{&quot;background_background&quot;:&quot;slideshow&quot;,&quot;background_slideshow_gallery&quot;:[{&quot;id&quot;:110,&quot;url&quot;:&quot;http:\\\/\\\/malerexpress.ch\\\/wp-content\\\/uploads\\\/2024\\\/07\\\/pexels-ron-lach-10526896.jpg&quot;}],&quot;background_slideshow_ken_burns&quot;:&quot;yes&quot;,&quot;background_slideshow_loop&quot;:&quot;yes&quot;,&quot;background_slideshow_slide_duration&quot;:5000,&quot;background_slideshow_slide_transition&quot;:&quot;fade&quot;,&quot;background_slideshow_transition_duration&quot;:500,&quot;background_slideshow_ken_burns_zoom_direction&quot;:&quot;in&quot;}\">\n\t\t\t\t\t<div class=\"e-con-inner\">\n\t\t\t\t<div class=\"elementor-element elementor-element-642ba8d6 elementor-widget elementor-widget-heading\" data-id=\"642ba8d6\" data-element_type=\"widget\" data-widget_type=\"heading.default\">\n\t\t\t\t<div class=\"elementor-widget-container\">\n\t\t\t\t\t<h5 class=\"elementor-heading-title elementor-size-default\">Farbzauber: Meisterhafte Malerarbeiten in Schweiz\n<\/h5>\t\t\t\t<\/div>\n\t\t\t\t<\/div>\n\t\t\t\t<div class=\"elementor-element elementor-element-1f70df89 animated-slow elementor-invisible elementor-widget elementor-widget-heading\" data-id=\"1f70df89\" data-element_type=\"widget\" data-settings=\"{&quot;_animation&quot;:&quot;fadeIn&quot;}\" data-widget_type=\"heading.default\">\n\t\t\t\t<div class=\"elementor-widget-container\">\n\t\t\t\t\t<h1 class=\"elementor-heading-title elementor-size-default\">\nMALEREXPRESS.CH<\/h1>\t\t\t\t<\/div>\n\t\t\t\t<\/div>\n\t\t\t\t<div class=\"elementor-element elementor-element-3449ce19 elementor-align-center elementor-widget elementor-widget-button\" data-id=\"3449ce19\" data-element_type=\"widget\" data-widget_type=\"button.default\">\n\t\t\t\t<div class=\"elementor-widget-container\">\n\t\t\t\t\t\t\t\t\t<div class=\"elementor-button-wrapper\">\n\t\t\t\t\t<a class=\"elementor-button elementor-button-link elementor-size-sm elementor-animation-shrink\" href=\"https:\/\/malerexpress.ch\/?page_id=89\">\n\t\t\t\t\t\t<span class=\"elementor-button-content-wrapper\">\n\t\t\t\t\t\t\t\t\t<span class=\"elementor-button-text\">Kontaktiere uns<\/span>\n\t\t\t\t\t<\/span>\n\t\t\t\t\t<\/a>\n\t\t\t\t<\/div>\n\t\t\t\t\t\t\t\t<\/div>\n\t\t\t\t<\/div>\n\t\t\t\t<div class=\"elementor-element elementor-element-4fdd7dc6 elementor-widget elementor-widget-spacer\" data-id=\"4fdd7dc6\" data-element_type=\"widget\" data-widget_type=\"spacer.default\">\n\t\t\t\t<div class=\"elementor-widget-container\">\n\t\t\t\t\t\t\t<div class=\"elementor-spacer\">\n\t\t\t<div class=\"elementor-spacer-inner\"><\/div>\n\t\t<\/div>\n\t\t\t\t\t\t<\/div>\n\t\t\t\t<\/div>\n\t\t\t\t\t<\/div>\n\t\t\t\t<\/div>\n\t\t<div class=\"elementor-element elementor-element-492ff697 e-flex e-con-boxed e-con e-parent\" data-id=\"492ff697\" data-element_type=\"container\" data-settings=\"{&quot;background_background&quot;:&quot;classic&quot;}\">\n\t\t\t\t\t<div class=\"e-con-inner\">\n\t\t<div class=\"elementor-element elementor-element-544a8bc5 e-con-full e-flex e-con e-child\" data-id=\"544a8bc5\" data-element_type=\"container\">\n\t\t<div class=\"elementor-element elementor-element-4b871fe7 e-flex e-con-boxed elementor-invisible e-con e-child\" data-id=\"4b871fe7\" data-element_type=\"container\" data-settings=\"{&quot;animation&quot;:&quot;fadeInLeft&quot;}\">\n\t\t\t\t\t<div class=\"e-con-inner\">\n\t\t\t\t<div class=\"elementor-element elementor-element-57b6ff8d elementor-vertical-align-top elementor-widget elementor-widget-image-box\" data-id=\"57b6ff8d\" data-element_type=\"widget\" data-widget_type=\"image-box.default\">\n\t\t\t\t<div class=\"elementor-widget-container\">\n\t\t\t\t\t<div class=\"elementor-image-box-wrapper\"><div class=\"elementor-image-box-content\"><h4 class=\"elementor-image-box-title\">MALERARBEITEN MIT SPEZALFARBEN<\/h4><\/div><\/div>\t\t\t\t<\/div>\n\t\t\t\t<\/div>\n\t\t\t\t\t<\/div>\n\t\t\t\t<\/div>\n\t\t<div class=\"elementor-element elementor-element-302b055c animated-slow e-flex e-con-boxed elementor-invisible e-con e-child\" data-id=\"302b055c\" data-element_type=\"container\" data-settings=\"{&quot;animation&quot;:&quot;fadeInLeft&quot;}\">\n\t\t\t\t\t<div class=\"e-con-inner\">\n\t\t\t\t<div class=\"elementor-element elementor-element-4e0fd321 elementor-vertical-align-top elementor-widget elementor-widget-image-box\" data-id=\"4e0fd321\" data-element_type=\"widget\" data-widget_type=\"image-box.default\">\n\t\t\t\t<div class=\"elementor-widget-container\">\n\t\t\t\t\t<div class=\"elementor-image-box-wrapper\"><div class=\"elementor-image-box-content\"><h4 class=\"elementor-image-box-title\">FASSADEN<\/h4><\/div><\/div>\t\t\t\t<\/div>\n\t\t\t\t<\/div>\n\t\t\t\t\t<\/div>\n\t\t\t\t<\/div>\n\t\t<div class=\"elementor-element elementor-element-4c783967 e-flex e-con-boxed elementor-invisible e-con e-child\" data-id=\"4c783967\" data-element_type=\"container\" data-settings=\"{&quot;animation&quot;:&quot;fadeInLeft&quot;}\">\n\t\t\t\t\t<div class=\"e-con-inner\">\n\t\t\t\t<div class=\"elementor-element elementor-element-3f3df278 elementor-vertical-align-top elementor-widget elementor-widget-image-box\" data-id=\"3f3df278\" data-element_type=\"widget\" data-widget_type=\"image-box.default\">\n\t\t\t\t<div class=\"elementor-widget-container\">\n\t\t\t\t\t<div class=\"elementor-image-box-wrapper\"><div class=\"elementor-image-box-content\"><h4 class=\"elementor-image-box-title\">FENSTERLADEN<\/h4><\/div><\/div>\t\t\t\t<\/div>\n\t\t\t\t<\/div>\n\t\t\t\t\t<\/div>\n\t\t\t\t<\/div>\n\t\t\t\t<\/div>\n\t\t<div class=\"elementor-element elementor-element-28c639ed e-flex e-con-boxed e-con e-child\" data-id=\"28c639ed\" data-element_type=\"container\">\n\t\t\t\t\t<div class=\"e-con-inner\">\n\t\t\t\t<div class=\"elementor-element elementor-element-773f19fb elementor-widget elementor-widget-image\" data-id=\"773f19fb\" data-element_type=\"widget\" data-widget_type=\"image.default\">\n\t\t\t\t<div class=\"elementor-widget-container\">\n\t\t\t\t\t\t\t\t\t\t\t\t\t\t\t<img fetchpriority=\"high\" decoding=\"async\" width=\"2349\" height=\"2063\" src=\"https:\/\/malerexpress.ch\/wp-content\/uploads\/2024\/07\/Logo-Png.png\" class=\"attachment-full size-full wp-image-262\" alt=\"\" srcset=\"https:\/\/malerexpress.ch\/wp-content\/uploads\/2024\/07\/Logo-Png.png 2349w, https:\/\/malerexpress.ch\/wp-content\/uploads\/2024\/07\/Logo-Png-300x263.png 300w, https:\/\/malerexpress.ch\/wp-content\/uploads\/2024\/07\/Logo-Png-1024x899.png 1024w, https:\/\/malerexpress.ch\/wp-content\/uploads\/2024\/07\/Logo-Png-768x674.png 768w, https:\/\/malerexpress.ch\/wp-content\/uploads\/2024\/07\/Logo-Png-1536x1349.png 1536w, https:\/\/malerexpress.ch\/wp-content\/uploads\/2024\/07\/Logo-Png-2048x1799.png 2048w\" sizes=\"(max-width: 2349px) 100vw, 2349px\" \/>\t\t\t\t\t\t\t\t\t\t\t\t\t\t\t<\/div>\n\t\t\t\t<\/div>\n\t\t\t\t\t<\/div>\n\t\t\t\t<\/div>\n\t\t<div class=\"elementor-element elementor-element-2ffe5841 e-con-full e-flex e-con e-child\" data-id=\"2ffe5841\" data-element_type=\"container\">\n\t\t<div class=\"elementor-element elementor-element-61b94581 e-flex e-con-boxed elementor-invisible e-con e-child\" data-id=\"61b94581\" data-element_type=\"container\" data-settings=\"{&quot;animation&quot;:&quot;fadeInRight&quot;}\">\n\t\t\t\t\t<div class=\"e-con-inner\">\n\t\t\t\t<div class=\"elementor-element elementor-element-74485d7d elementor-vertical-align-top elementor-widget elementor-widget-image-box\" data-id=\"74485d7d\" data-element_type=\"widget\" data-widget_type=\"image-box.default\">\n\t\t\t\t<div class=\"elementor-widget-container\">\n\t\t\t\t\t<div class=\"elementor-image-box-wrapper\"><div class=\"elementor-image-box-content\"><h4 class=\"elementor-image-box-title\">FUNDAMENTE UND BIOREINIGUNG VON FUNDAMENTEN<\/h4><\/div><\/div>\t\t\t\t<\/div>\n\t\t\t\t<\/div>\n\t\t\t\t\t<\/div>\n\t\t\t\t<\/div>\n\t\t<div class=\"elementor-element elementor-element-74c8d58e animated-slow e-flex e-con-boxed elementor-invisible e-con e-child\" data-id=\"74c8d58e\" data-element_type=\"container\" data-settings=\"{&quot;animation&quot;:&quot;fadeInRight&quot;}\">\n\t\t\t\t\t<div class=\"e-con-inner\">\n\t\t\t\t<div class=\"elementor-element elementor-element-4bc3e9a0 elementor-vertical-align-top elementor-widget elementor-widget-image-box\" data-id=\"4bc3e9a0\" data-element_type=\"widget\" data-widget_type=\"image-box.default\">\n\t\t\t\t<div class=\"elementor-widget-container\">\n\t\t\t\t\t<div class=\"elementor-image-box-wrapper\"><div class=\"elementor-image-box-content\"><h4 class=\"elementor-image-box-title\">STEINPLATTEN<\/h4><\/div><\/div>\t\t\t\t<\/div>\n\t\t\t\t<\/div>\n\t\t\t\t\t<\/div>\n\t\t\t\t<\/div>\n\t\t<div class=\"elementor-element elementor-element-2273a1b9 e-flex e-con-boxed elementor-invisible e-con e-child\" data-id=\"2273a1b9\" data-element_type=\"container\" data-settings=\"{&quot;animation&quot;:&quot;fadeInRight&quot;}\">\n\t\t\t\t\t<div class=\"e-con-inner\">\n\t\t\t\t<div class=\"elementor-element elementor-element-36d783b6 elementor-vertical-align-top elementor-widget elementor-widget-image-box\" data-id=\"36d783b6\" data-element_type=\"widget\" data-widget_type=\"image-box.default\">\n\t\t\t\t<div class=\"elementor-widget-container\">\n\t\t\t\t\t<div class=\"elementor-image-box-wrapper\"><div class=\"elementor-image-box-content\"><h4 class=\"elementor-image-box-title\">DACHDECKERSERVICE<\/h4><\/div><\/div>\t\t\t\t<\/div>\n\t\t\t\t<\/div>\n\t\t\t\t\t<\/div>\n\t\t\t\t<\/div>\n\t\t\t\t<\/div>\n\t\t\t\t\t<\/div>\n\t\t\t\t<\/div>\n\t\t<div class=\"elementor-element elementor-element-3018aae4 e-con-full e-flex e-con e-parent\" data-id=\"3018aae4\" data-element_type=\"container\" data-settings=\"{&quot;background_background&quot;:&quot;classic&quot;}\">\n\t\t\t\t<div class=\"elementor-element elementor-element-a88dddb elementor-widget elementor-widget-heading\" data-id=\"a88dddb\" data-element_type=\"widget\" data-widget_type=\"heading.default\">\n\t\t\t\t<div class=\"elementor-widget-container\">\n\t\t\t\t\t<h2 class=\"elementor-heading-title elementor-size-default\">Erfahrung macht uns zuversichtlich\n<\/h2>\t\t\t\t<\/div>\n\t\t\t\t<\/div>\n\t\t\t\t<div class=\"elementor-element elementor-element-68c73669 elementor-widget__width-initial elementor-widget elementor-widget-text-editor\" data-id=\"68c73669\" data-element_type=\"widget\" data-widget_type=\"text-editor.default\">\n\t\t\t\t<div class=\"elementor-widget-container\">\n\t\t\t\t\t\t\t\t\t<section class=\"elementor-section elementor-top-section elementor-element elementor-element-484ffe05 elementor-section-height-min-height elementor-section-boxed elementor-section-height-default elementor-section-items-middle\" data-id=\"484ffe05\" data-element_type=\"section\" data-settings=\"{&quot;background_background&quot;:&quot;classic&quot;,&quot;animation&quot;:&quot;none&quot;}\"><div class=\"elementor-container elementor-column-gap-default\"><div class=\"elementor-column elementor-col-100 elementor-top-column elementor-element elementor-element-54a809c0\" data-id=\"54a809c0\" data-element_type=\"column\" data-settings=\"{&quot;background_background&quot;:&quot;classic&quot;}\"><div class=\"elementor-widget-wrap elementor-element-populated\"><div class=\"elementor-element elementor-element-782723e9 elementor-widget elementor-widget-text-editor\" data-id=\"782723e9\" data-element_type=\"widget\" data-widget_type=\"text-editor.default\"><div class=\"elementor-widget-container\"><p>Unsere Fachleute sind darauf spezialisiert, Ihre Wohnr\u00e4ume zu versch\u00f6nern und zu erneuern. Von Malerarbeiten bis hin zu Dachdeckerarbeiten, Renovationsarbeiten aller Art und mehr \u2013 wir stehen Ihnen mit unserem Fachwissen und unserer Erfahrung zur Seite, um Ihre Visionen Wirklichkeit werden zu lassen.<\/p><\/div><\/div><\/div><\/div><\/div><\/section><section class=\"elementor-section elementor-top-section elementor-element elementor-element-24b7d190 elementor-section-boxed elementor-section-height-default elementor-section-height-default\" data-id=\"24b7d190\" data-element_type=\"section\"><\/section>\t\t\t\t\t\t\t\t<\/div>\n\t\t\t\t<\/div>\n\t\t\t\t<\/div>\n\t\t<div class=\"elementor-element elementor-element-22a31827 e-flex e-con-boxed e-con e-parent\" data-id=\"22a31827\" data-element_type=\"container\" data-settings=\"{&quot;background_background&quot;:&quot;classic&quot;}\">\n\t\t\t\t\t<div class=\"e-con-inner\">\n\t\t<div class=\"elementor-element elementor-element-4efddddf e-con-full e-flex e-con e-child\" data-id=\"4efddddf\" data-element_type=\"container\">\n\t\t\t\t<div class=\"elementor-element elementor-element-7545df4 elementor-widget elementor-widget-heading\" data-id=\"7545df4\" data-element_type=\"widget\" data-widget_type=\"heading.default\">\n\t\t\t\t<div class=\"elementor-widget-container\">\n\t\t\t\t\t<h5 class=\"elementor-heading-title elementor-size-default\">Warum wir?\n\n\n\n\n\n\n<\/h5>\t\t\t\t<\/div>\n\t\t\t\t<\/div>\n\t\t\t\t<div class=\"elementor-element elementor-element-2e000540 elementor-widget elementor-widget-heading\" data-id=\"2e000540\" data-element_type=\"widget\" data-widget_type=\"heading.default\">\n\t\t\t\t<div class=\"elementor-widget-container\">\n\t\t\t\t\t<h2 class=\"elementor-heading-title elementor-size-default\">Weil wir Qualit\u00e4t garantieren\n\n\n\n\n\n\n<\/h2>\t\t\t\t<\/div>\n\t\t\t\t<\/div>\n\t\t\t\t<div class=\"elementor-element elementor-element-157de99e elementor-widget elementor-widget-text-editor\" data-id=\"157de99e\" data-element_type=\"widget\" data-widget_type=\"text-editor.default\">\n\t\t\t\t<div class=\"elementor-widget-container\">\n\t\t\t\t\t\t\t\t\t<div class=\"flex flex-grow flex-col max-w-full\"><div class=\"min-h-[20px] text-message flex w-full flex-col items-end gap-2 whitespace-pre-wrap break-words [.text-message+&amp;]:mt-5 overflow-x-auto\" dir=\"auto\" data-message-author-role=\"assistant\" data-message-id=\"db8ed7b2-c7ef-43a6-a1d0-c6cd628563cb\"><div class=\"flex w-full flex-col gap-1 empty:hidden first:pt-[3px]\"><div class=\"markdown prose w-full break-words dark:prose-invert light\"><p>Weil wir Qualit\u00e4t und Zuverl\u00e4ssigkeit bieten. Unser Team von erfahrenen Fachleuten sorgt daf\u00fcr, dass jedes Projekt mit h\u00f6chster Pr\u00e4zision und Sorgfalt ausgef\u00fchrt wird. Vertrauen Sie uns, um Ihre Visionen in die Realit\u00e4t umzusetzen und beeindruckende Ergebnisse zu liefern.<\/p><\/div><\/div><\/div><\/div>\t\t\t\t\t\t\t\t<\/div>\n\t\t\t\t<\/div>\n\t\t\t\t<div class=\"elementor-element elementor-element-79eed76c animated-slow elementor-invisible elementor-widget elementor-widget-icon-box\" data-id=\"79eed76c\" data-element_type=\"widget\" data-settings=\"{&quot;_animation&quot;:&quot;fadeInUp&quot;}\" data-widget_type=\"icon-box.default\">\n\t\t\t\t<div class=\"elementor-widget-container\">\n\t\t\t\t\t\t\t<div class=\"elementor-icon-box-wrapper\">\n\n\t\t\t\n\t\t\t\t\t\t<div class=\"elementor-icon-box-content\">\n\n\t\t\t\t\t\t\t\t\t<h4 class=\"elementor-icon-box-title\">\n\t\t\t\t\t\t<span  >\n\t\t\t\t\t\t\tPerfekte Farbergebnisse\t\t\t\t\t\t<\/span>\n\t\t\t\t\t<\/h4>\n\t\t\t\t\n\t\t\t\t\t\t\t\t\t<p class=\"elementor-icon-box-description\">\n\t\t\t\t\t\tWir setzen auf hochwertige Materialien und pr\u00e4zise Techniken, um atemberaubende Farbergebnisse zu erzielen, die Ihr Zuhause oder Ihre Gesch\u00e4ftsr\u00e4ume versch\u00f6nern. Mit unserem Auge f\u00fcrs Detail garantieren wir, dass jede Oberfl\u00e4che makellos und langlebig ist.\n\n\t\t\t\t\t<\/p>\n\t\t\t\t\n\t\t\t<\/div>\n\t\t\t\n\t\t<\/div>\n\t\t\t\t\t\t<\/div>\n\t\t\t\t<\/div>\n\t\t\t\t<div class=\"elementor-element elementor-element-28d82757 elementor-invisible elementor-widget elementor-widget-icon-box\" data-id=\"28d82757\" data-element_type=\"widget\" data-settings=\"{&quot;_animation&quot;:&quot;fadeInUp&quot;}\" data-widget_type=\"icon-box.default\">\n\t\t\t\t<div class=\"elementor-widget-container\">\n\t\t\t\t\t\t\t<div class=\"elementor-icon-box-wrapper\">\n\n\t\t\t\n\t\t\t\t\t\t<div class=\"elementor-icon-box-content\">\n\n\t\t\t\t\t\t\t\t\t<h4 class=\"elementor-icon-box-title\">\n\t\t\t\t\t\t<span  >\n\t\t\t\t\t\t\tFachkundige Beratung und Planung\t\t\t\t\t\t<\/span>\n\t\t\t\t\t<\/h4>\n\t\t\t\t\n\t\t\t\t\t\t\t\t\t<p class=\"elementor-icon-box-description\">\n\t\t\t\t\t\tUnser erfahrenes Team bietet Ihnen umfassende Beratung und individuelle Planung f\u00fcr jedes Projekt. Von der Farbauswahl bis zur Umsetzung begleiten wir Sie Schritt f\u00fcr Schritt, um sicherzustellen, dass Ihre W\u00fcnsche und Bed\u00fcrfnisse perfekt erf\u00fcllt werden.\n\n\t\t\t\t\t<\/p>\n\t\t\t\t\n\t\t\t<\/div>\n\t\t\t\n\t\t<\/div>\n\t\t\t\t\t\t<\/div>\n\t\t\t\t<\/div>\n\t\t\t\t<div class=\"elementor-element elementor-element-2e682ec3 animated-slow elementor-invisible elementor-widget elementor-widget-icon-box\" data-id=\"2e682ec3\" data-element_type=\"widget\" data-settings=\"{&quot;_animation&quot;:&quot;fadeInUp&quot;}\" data-widget_type=\"icon-box.default\">\n\t\t\t\t<div class=\"elementor-widget-container\">\n\t\t\t\t\t\t\t<div class=\"elementor-icon-box-wrapper\">\n\n\t\t\t\n\t\t\t\t\t\t<div class=\"elementor-icon-box-content\">\n\n\t\t\t\t\t\t\t\t\t<h4 class=\"elementor-icon-box-title\">\n\t\t\t\t\t\t<span  >\n\t\t\t\t\t\t\tNachhaltige und umweltfreundliche L\u00f6sungen\t\t\t\t\t\t<\/span>\n\t\t\t\t\t<\/h4>\n\t\t\t\t\n\t\t\t\t\t\t\t\t\t<p class=\"elementor-icon-box-description\">\n\t\t\t\t\t\tWir legen gro\u00dfen Wert auf Nachhaltigkeit und verwenden umweltfreundliche Produkte und Techniken. Unser Ziel ist es, nicht nur Ihr Zuhause zu versch\u00f6nern, sondern auch die Umwelt zu sch\u00fctzen. Vertrauen Sie auf uns f\u00fcr eine gr\u00fcne und gesunde Raumgestaltung.\n\n\n\n\n\n\n\t\t\t\t\t<\/p>\n\t\t\t\t\n\t\t\t<\/div>\n\t\t\t\n\t\t<\/div>\n\t\t\t\t\t\t<\/div>\n\t\t\t\t<\/div>\n\t\t\t\t<div class=\"elementor-element elementor-element-3eca042e elementor-tablet-align-center elementor-widget elementor-widget-button\" data-id=\"3eca042e\" data-element_type=\"widget\" data-widget_type=\"button.default\">\n\t\t\t\t<div class=\"elementor-widget-container\">\n\t\t\t\t\t\t\t\t\t<div class=\"elementor-button-wrapper\">\n\t\t\t\t\t<a class=\"elementor-button elementor-button-link elementor-size-sm elementor-animation-shrink\" href=\"https:\/\/malerexpress.ch\/?page_id=91\">\n\t\t\t\t\t\t<span class=\"elementor-button-content-wrapper\">\n\t\t\t\t\t\t\t\t\t<span class=\"elementor-button-text\">Service<\/span>\n\t\t\t\t\t<\/span>\n\t\t\t\t\t<\/a>\n\t\t\t\t<\/div>\n\t\t\t\t\t\t\t\t<\/div>\n\t\t\t\t<\/div>\n\t\t\t\t<\/div>\n\t\t<div class=\"elementor-element elementor-element-50d11513 e-con-full e-flex e-con e-child\" data-id=\"50d11513\" data-element_type=\"container\">\n\t\t\t\t<div class=\"elementor-element elementor-element-bde7231 elementor-widget elementor-widget-image\" data-id=\"bde7231\" data-element_type=\"widget\" data-widget_type=\"image.default\">\n\t\t\t\t<div class=\"elementor-widget-container\">\n\t\t\t\t\t\t\t\t\t\t\t\t\t\t\t<img decoding=\"async\" width=\"1350\" height=\"929\" src=\"https:\/\/malerexpress.ch\/wp-content\/uploads\/2024\/07\/malerarbeiten_farbrolle_arbeiter_beitrags-images_1350x929px.webp\" class=\"attachment-full size-full wp-image-168\" alt=\"\" srcset=\"https:\/\/malerexpress.ch\/wp-content\/uploads\/2024\/07\/malerarbeiten_farbrolle_arbeiter_beitrags-images_1350x929px.webp 1350w, https:\/\/malerexpress.ch\/wp-content\/uploads\/2024\/07\/malerarbeiten_farbrolle_arbeiter_beitrags-images_1350x929px-300x206.webp 300w, https:\/\/malerexpress.ch\/wp-content\/uploads\/2024\/07\/malerarbeiten_farbrolle_arbeiter_beitrags-images_1350x929px-1024x705.webp 1024w, https:\/\/malerexpress.ch\/wp-content\/uploads\/2024\/07\/malerarbeiten_farbrolle_arbeiter_beitrags-images_1350x929px-768x528.webp 768w\" sizes=\"(max-width: 1350px) 100vw, 1350px\" \/>\t\t\t\t\t\t\t\t\t\t\t\t\t\t\t<\/div>\n\t\t\t\t<\/div>\n\t\t\t\t<\/div>\n\t\t\t\t\t<\/div>\n\t\t\t\t<\/div>\n\t\t\t\t<\/div>\n\t\t","protected":false},"excerpt":{"rendered":"<p>Farbzauber: Meisterhafte Malerarbeiten in Schweiz MALEREXPRESS.CH Kontaktiere uns MALERARBEITEN MIT SPEZALFARBEN FASSADEN FENSTERLADEN FUNDAMENTE UND BIOREINIGUNG VON FUNDAMENTEN STEINPLATTEN DACHDECKERSERVICE Erfahrung macht uns zuversichtlich Unsere Fachleute sind darauf spezialisiert, Ihre Wohnr\u00e4ume zu versch\u00f6nern und zu erneuern. Von Malerarbeiten bis hin zu Dachdeckerarbeiten, Renovationsarbeiten aller Art und mehr \u2013 wir stehen Ihnen mit unserem Fachwissen und [&hellip;]<\/p>\n","protected":false},"author":2,"featured_media":0,"parent":0,"menu_order":0,"comment_status":"closed","ping_status":"closed","template":"elementor_header_footer","meta":{"om_disable_all_campaigns":false,"_monsterinsights_skip_tracking":false,"_monsterinsights_sitenote_active":false,"_monsterinsights_sitenote_note":"","_monsterinsights_sitenote_category":0,"footnotes":""},"aioseo_notices":[],"_links":{"self":[{"href":"https:\/\/malerexpress.ch\/index.php?rest_route=\/wp\/v2\/pages\/24"}],"collection":[{"href":"https:\/\/malerexpress.ch\/index.php?rest_route=\/wp\/v2\/pages"}],"about":[{"href":"https:\/\/malerexpress.ch\/index.php?rest_route=\/wp\/v2\/types\/page"}],"author":[{"embeddable":true,"href":"https:\/\/malerexpress.ch\/index.php?rest_route=\/wp\/v2\/users\/2"}],"replies":[{"embeddable":true,"href":"https:\/\/malerexpress.ch\/index.php?rest_route=%2Fwp%2Fv2%2Fcomments&post=24"}],"version-history":[{"count":70,"href":"https:\/\/malerexpress.ch\/index.php?rest_route=\/wp\/v2\/pages\/24\/revisions"}],"predecessor-version":[{"id":289,"href":"https:\/\/malerexpress.ch\/index.php?rest_route=\/wp\/v2\/pages\/24\/revisions\/289"}],"wp:attachment":[{"href":"https:\/\/malerexpress.ch\/index.php?rest_route=%2Fwp%2Fv2%2Fmedia&parent=24"}],"curies":[{"name":"wp","href":"https:\/\/api.w.org\/{rel}","templated":true}]}}